{"id":250,"date":"2024-06-15T00:13:30","date_gmt":"2024-06-15T00:13:30","guid":{"rendered":"https:\/\/meridional.org\/?page_id=250"},"modified":"2026-01-25T03:36:34","modified_gmt":"2026-01-25T03:36:34","slug":"work-with-our-partners","status":"publish","type":"page","link":"https:\/\/meridional.org\/f\/work-with-our-partners\/","title":{"rendered":"TRAVAILLE AVEC NOS PARTENAIRES"},"content":{"rendered":"\n<figure class=\"wp-block-image alignwide size-full coblocks-animate\" data-coblocks-animation=\"zoomIn\"><img loading=\"lazy\" decoding=\"async\" width=\"1024\" height=\"384\" src=\"https:\/\/meridional.org\/f\/wp-content\/uploads\/sites\/7\/2025\/09\/what-we-do.jpg\" alt=\"\" class=\"wp-image-381\" srcset=\"https:\/\/meridional.org\/f\/wp-content\/uploads\/sites\/7\/2025\/09\/what-we-do.jpg 1024w, https:\/\/meridional.org\/f\/wp-content\/uploads\/sites\/7\/2025\/09\/what-we-do-300x113.jpg 300w, https:\/\/meridional.org\/f\/wp-content\/uploads\/sites\/7\/2025\/09\/what-we-do-768x288.jpg 768w\" sizes=\"auto, (max-width: 1024px) 100vw, 1024px\" \/><\/figure>\n\n\n\n<div class=\"wp-block-columns alignwide is-layout-flex wp-container-core-columns-is-layout-28f84493 wp-block-columns-is-layout-flex\">\n<div class=\"wp-block-column is-layout-flow wp-block-column-is-layout-flow\">\n<div class=\"wp-block-columns is-layout-flex wp-container-core-columns-is-layout-28f84493 wp-block-columns-is-layout-flex\">\n<div class=\"wp-block-column is-layout-flow wp-block-column-is-layout-flow\">\n<p class=\"has-text-align-center has-contrast-3-color has-text-color has-link-color has-oswald-font-family has-custom-font wp-elements-a815bb81d10eb324810ebd1008d024f5\" style=\"font-family:Oswald;font-size:37px\"><strong>TRAVAIL AVEC NOS PARTENAIRES<\/strong><\/p>\n<\/div>\n\n\n\n<div class=\"wp-block-column is-layout-flow wp-block-column-is-layout-flow\" style=\"flex-basis:60%\">\n<div class=\"wp-block-columns is-layout-flex wp-container-core-columns-is-layout-28f84493 wp-block-columns-is-layout-flex\">\n<div class=\"wp-block-column is-layout-flow wp-block-column-is-layout-flow\">\n<p class=\"has-text-align-left has-text-align-center\">Nos partenaires forment un r\u00e9seau diversifi\u00e9 d\u2019organisations de la soci\u00e9t\u00e9 civile en Europe, en Afrique et en Am\u00e9rique latine, chacune engag\u00e9e dans l\u2019avancement de questions mondiales cruciales. Leurs domaines d\u2019intervention couvrent, entre autres, le d\u00e9veloppement durable, les droits et l\u2019inclusion des personnes en situation de handicap, l\u2019action contre les mines avec un accent sur l\u2019assistance aux victimes, le d\u00e9sarmement humanitaire, la r\u00e9glementation du commerce international des armes et la sant\u00e9 publique.<\/p>\n\n\n\n<p>En outre, M\u00c9RIDIONAL et ses partenaires contribuent \u00e0 des efforts plus larges en mati\u00e8re de d\u00e9fense des droits humains, de justice sociale et de renforcement des capacit\u00e9s des communaut\u00e9s sous-repr\u00e9sent\u00e9es.<\/p>\n\n\n\n<p>Gr\u00e2ce \u00e0 ces collaborations, nous aspirons \u00e0 g\u00e9n\u00e9rer un impact significatif et \u00e0 promouvoir des approches inclusives et fond\u00e9es sur les droits face aux d\u00e9fis mondiaux.<\/p>\n<\/div>\n<\/div>\n<\/div>\n<\/div>\n<\/div>\n<\/div>\n\n\n\n<p><\/p>\n","protected":false},"excerpt":{"rendered":"<p>TRAVAIL AVEC NOS PARTENAIRES Nos partenaires forment un r\u00e9seau diversifi\u00e9 d\u2019organisations de la soci\u00e9t\u00e9 civile en Europe, en Afrique et en Am\u00e9rique latine, chacune engag\u00e9e dans l\u2019avancement de questions mondiales cruciales. Leurs domaines d\u2019intervention couvrent, entre autres, le d\u00e9veloppement durable, les droits et l\u2019inclusion des personnes en situation de handicap, l\u2019action contre les mines avec [&hellip;]<\/p>\n","protected":false},"author":2,"featured_media":0,"parent":0,"menu_order":0,"comment_status":"closed","ping_status":"closed","template":"page-no-title","meta":{"_editorskit_title_hidden":true,"_editorskit_reading_time":0,"_editorskit_is_block_options_detached":false,"_editorskit_block_options_position":"{}","_coblocks_attr":"Montserrat,Oswald","_coblocks_dimensions":"","_coblocks_responsive_height":"","_coblocks_accordion_ie_support":"","footnotes":""},"class_list":["post-250","page","type-page","status-publish","hentry"],"yoast_head":"<!-- This site is optimized with the Yoast SEO plugin v27.5 - https:\/\/yoast.com\/product\/yoast-seo-wordpress\/ -->\n<title>TRAVAILLE AVEC NOS PARTENAIRES -<\/title>\n<meta name=\"robots\" content=\"index, follow, max-snippet:-1, max-image-preview:large, max-video-preview:-1\" \/>\n<link rel=\"canonical\" href=\"https:\/\/meridional.org\/f\/work-with-our-partners\/\" \/>\n<meta property=\"og:locale\" content=\"en_US\" \/>\n<meta property=\"og:type\" content=\"article\" \/>\n<meta property=\"og:title\" content=\"TRAVAILLE AVEC NOS PARTENAIRES -\" \/>\n<meta property=\"og:description\" content=\"TRAVAIL AVEC NOS PARTENAIRES Nos partenaires forment un r\u00e9seau diversifi\u00e9 d\u2019organisations de la soci\u00e9t\u00e9 civile en Europe, en Afrique et en Am\u00e9rique latine, chacune engag\u00e9e dans l\u2019avancement de questions mondiales cruciales. Leurs domaines d\u2019intervention couvrent, entre autres, le d\u00e9veloppement durable, les droits et l\u2019inclusion des personnes en situation de handicap, l\u2019action contre les mines avec [&hellip;]\" \/>\n<meta property=\"og:url\" content=\"https:\/\/meridional.org\/f\/work-with-our-partners\/\" \/>\n<meta property=\"article:modified_time\" content=\"2026-01-25T03:36:34+00:00\" \/>\n<meta property=\"og:image\" content=\"https:\/\/meridional.org\/f\/wp-content\/uploads\/sites\/7\/2025\/09\/what-we-do.jpg\" \/>\n\t<meta property=\"og:image:width\" content=\"1024\" \/>\n\t<meta property=\"og:image:height\" content=\"384\" \/>\n\t<meta property=\"og:image:type\" content=\"image\/jpeg\" \/>\n<meta name=\"twitter:card\" content=\"summary_large_image\" \/>\n<meta name=\"twitter:label1\" content=\"Est. reading time\" \/>\n\t<meta name=\"twitter:data1\" content=\"1 minute\" \/>\n<script type=\"application\/ld+json\" class=\"yoast-schema-graph\">{\"@context\":\"https:\\\/\\\/schema.org\",\"@graph\":[{\"@type\":\"WebPage\",\"@id\":\"https:\\\/\\\/meridional.org\\\/f\\\/work-with-our-partners\\\/\",\"url\":\"https:\\\/\\\/meridional.org\\\/f\\\/work-with-our-partners\\\/\",\"name\":\"TRAVAILLE AVEC NOS PARTENAIRES -\",\"isPartOf\":{\"@id\":\"https:\\\/\\\/meridional.org\\\/f\\\/#website\"},\"primaryImageOfPage\":{\"@id\":\"https:\\\/\\\/meridional.org\\\/f\\\/work-with-our-partners\\\/#primaryimage\"},\"image\":{\"@id\":\"https:\\\/\\\/meridional.org\\\/f\\\/work-with-our-partners\\\/#primaryimage\"},\"thumbnailUrl\":\"https:\\\/\\\/meridional.org\\\/f\\\/wp-content\\\/uploads\\\/sites\\\/7\\\/2025\\\/09\\\/what-we-do.jpg\",\"datePublished\":\"2024-06-15T00:13:30+00:00\",\"dateModified\":\"2026-01-25T03:36:34+00:00\",\"breadcrumb\":{\"@id\":\"https:\\\/\\\/meridional.org\\\/f\\\/work-with-our-partners\\\/#breadcrumb\"},\"inLanguage\":\"en-US\",\"potentialAction\":[{\"@type\":\"ReadAction\",\"target\":[\"https:\\\/\\\/meridional.org\\\/f\\\/work-with-our-partners\\\/\"]}]},{\"@type\":\"ImageObject\",\"inLanguage\":\"en-US\",\"@id\":\"https:\\\/\\\/meridional.org\\\/f\\\/work-with-our-partners\\\/#primaryimage\",\"url\":\"https:\\\/\\\/meridional.org\\\/f\\\/wp-content\\\/uploads\\\/sites\\\/7\\\/2025\\\/09\\\/what-we-do.jpg\",\"contentUrl\":\"https:\\\/\\\/meridional.org\\\/f\\\/wp-content\\\/uploads\\\/sites\\\/7\\\/2025\\\/09\\\/what-we-do.jpg\",\"width\":1024,\"height\":384},{\"@type\":\"BreadcrumbList\",\"@id\":\"https:\\\/\\\/meridional.org\\\/f\\\/work-with-our-partners\\\/#breadcrumb\",\"itemListElement\":[{\"@type\":\"ListItem\",\"position\":1,\"name\":\"Home\",\"item\":\"https:\\\/\\\/meridional.org\\\/f\\\/\"},{\"@type\":\"ListItem\",\"position\":2,\"name\":\"TRAVAILLE AVEC NOS PARTENAIRES\"}]},{\"@type\":\"WebSite\",\"@id\":\"https:\\\/\\\/meridional.org\\\/f\\\/#website\",\"url\":\"https:\\\/\\\/meridional.org\\\/f\\\/\",\"name\":\"\",\"description\":\"\",\"potentialAction\":[{\"@type\":\"SearchAction\",\"target\":{\"@type\":\"EntryPoint\",\"urlTemplate\":\"https:\\\/\\\/meridional.org\\\/f\\\/?s={search_term_string}\"},\"query-input\":{\"@type\":\"PropertyValueSpecification\",\"valueRequired\":true,\"valueName\":\"search_term_string\"}}],\"inLanguage\":\"en-US\"}]}<\/script>\n<!-- \/ Yoast SEO plugin. -->","yoast_head_json":{"title":"TRAVAILLE AVEC NOS PARTENAIRES -","robots":{"index":"index","follow":"follow","max-snippet":"max-snippet:-1","max-image-preview":"max-image-preview:large","max-video-preview":"max-video-preview:-1"},"canonical":"https:\/\/meridional.org\/f\/work-with-our-partners\/","og_locale":"en_US","og_type":"article","og_title":"TRAVAILLE AVEC NOS PARTENAIRES -","og_description":"TRAVAIL AVEC NOS PARTENAIRES Nos partenaires forment un r\u00e9seau diversifi\u00e9 d\u2019organisations de la soci\u00e9t\u00e9 civile en Europe, en Afrique et en Am\u00e9rique latine, chacune engag\u00e9e dans l\u2019avancement de questions mondiales cruciales. Leurs domaines d\u2019intervention couvrent, entre autres, le d\u00e9veloppement durable, les droits et l\u2019inclusion des personnes en situation de handicap, l\u2019action contre les mines avec [&hellip;]","og_url":"https:\/\/meridional.org\/f\/work-with-our-partners\/","article_modified_time":"2026-01-25T03:36:34+00:00","og_image":[{"width":1024,"height":384,"url":"https:\/\/meridional.org\/f\/wp-content\/uploads\/sites\/7\/2025\/09\/what-we-do.jpg","type":"image\/jpeg"}],"twitter_card":"summary_large_image","twitter_misc":{"Est. reading time":"1 minute"},"schema":{"@context":"https:\/\/schema.org","@graph":[{"@type":"WebPage","@id":"https:\/\/meridional.org\/f\/work-with-our-partners\/","url":"https:\/\/meridional.org\/f\/work-with-our-partners\/","name":"TRAVAILLE AVEC NOS PARTENAIRES -","isPartOf":{"@id":"https:\/\/meridional.org\/f\/#website"},"primaryImageOfPage":{"@id":"https:\/\/meridional.org\/f\/work-with-our-partners\/#primaryimage"},"image":{"@id":"https:\/\/meridional.org\/f\/work-with-our-partners\/#primaryimage"},"thumbnailUrl":"https:\/\/meridional.org\/f\/wp-content\/uploads\/sites\/7\/2025\/09\/what-we-do.jpg","datePublished":"2024-06-15T00:13:30+00:00","dateModified":"2026-01-25T03:36:34+00:00","breadcrumb":{"@id":"https:\/\/meridional.org\/f\/work-with-our-partners\/#breadcrumb"},"inLanguage":"en-US","potentialAction":[{"@type":"ReadAction","target":["https:\/\/meridional.org\/f\/work-with-our-partners\/"]}]},{"@type":"ImageObject","inLanguage":"en-US","@id":"https:\/\/meridional.org\/f\/work-with-our-partners\/#primaryimage","url":"https:\/\/meridional.org\/f\/wp-content\/uploads\/sites\/7\/2025\/09\/what-we-do.jpg","contentUrl":"https:\/\/meridional.org\/f\/wp-content\/uploads\/sites\/7\/2025\/09\/what-we-do.jpg","width":1024,"height":384},{"@type":"BreadcrumbList","@id":"https:\/\/meridional.org\/f\/work-with-our-partners\/#breadcrumb","itemListElement":[{"@type":"ListItem","position":1,"name":"Home","item":"https:\/\/meridional.org\/f\/"},{"@type":"ListItem","position":2,"name":"TRAVAILLE AVEC NOS PARTENAIRES"}]},{"@type":"WebSite","@id":"https:\/\/meridional.org\/f\/#website","url":"https:\/\/meridional.org\/f\/","name":"","description":"","potentialAction":[{"@type":"SearchAction","target":{"@type":"EntryPoint","urlTemplate":"https:\/\/meridional.org\/f\/?s={search_term_string}"},"query-input":{"@type":"PropertyValueSpecification","valueRequired":true,"valueName":"search_term_string"}}],"inLanguage":"en-US"}]}},"_links":{"self":[{"href":"https:\/\/meridional.org\/f\/wp-json\/wp\/v2\/pages\/250","targetHints":{"allow":["GET"]}}],"collection":[{"href":"https:\/\/meridional.org\/f\/wp-json\/wp\/v2\/pages"}],"about":[{"href":"https:\/\/meridional.org\/f\/wp-json\/wp\/v2\/types\/page"}],"author":[{"embeddable":true,"href":"https:\/\/meridional.org\/f\/wp-json\/wp\/v2\/users\/2"}],"replies":[{"embeddable":true,"href":"https:\/\/meridional.org\/f\/wp-json\/wp\/v2\/comments?post=250"}],"version-history":[{"count":6,"href":"https:\/\/meridional.org\/f\/wp-json\/wp\/v2\/pages\/250\/revisions"}],"predecessor-version":[{"id":385,"href":"https:\/\/meridional.org\/f\/wp-json\/wp\/v2\/pages\/250\/revisions\/385"}],"wp:attachment":[{"href":"https:\/\/meridional.org\/f\/wp-json\/wp\/v2\/media?parent=250"}],"curies":[{"name":"wp","href":"https:\/\/api.w.org\/{rel}","templated":true}]}}